-- https://www.phpmyadmin.net/
--

START TRANSACTION;



--
-- Database: `priority_scheduling`
--

-- --------------------------------------------------------

--
-- Table structure for table `daftar_tugas`
--

CREATE TABLE `daftar_tugas` (
  `id_tugas` int(11) NOT NULL,
  `nama_tugas` varchar(200) DEFAULT NULL,
  `prioritas` int(11) DEFAULT NULL,
  `deadline` date DEFAULT NULL,
  `tanggal_mulai` date DEFAULT NULL,
  `tanggal_selesai` date DEFAULT NULL,
  `estimasi_hari` int(11) DEFAULT NULL,
  `keterangan` text DEFAULT NULL,
  `file_dokumen` varchar(255) DEFAULT NULL,
  `status` enum('belum','proses','selesai') DEFAULT 'belum',
  `tgl_mulai_dikerjakan` date DEFAULT NULL,
  `tgl_selesai_dikerjakan` date DEFAULT NULL
) ENGINE=InnoDB DEFAULT CHARSET=latin1 COLLATE=latin1_swedish_ci;

--
-- Dumping data for table `daftar_tugas`
--

INSERT INTO `daftar_tugas` (`id_tugas`, `nama_tugas`, `prioritas`, `deadline`, `tanggal_mulai`, `tanggal_selesai`, `estimasi_hari`, `keterangan`, `file_dokumen`, `status`, `tgl_mulai_dikerjakan`, `tgl_selesai_dikerjakan`) VALUES
(94, 'Mengerjakan Laporan Manual (SIPUMA) Juni 2026', 5, '2026-07-07', '2026-07-02', NULL, 6, 'Kerjakan Tugas dengan sebaik-baiknya', NULL, 'selesai', '2026-07-02', '2026-07-05'),
(95, 'Mengerjakan LPJ (Laporan Pertanggungjawaban) Bendahara Pengeluaran Juni 2026', 5, '2026-07-07', '2026-07-02', NULL, 6, 'Kerjakan Tugas dengan sebaik-baiknya', '1782998801_95_LPJJUNI2026.pdf', 'selesai', '2026-07-02', '2026-07-05'),
(96, 'Mengajukan ADK & SKPP (Pindah Pegawai) AKBP Sofyan', 5, '2026-07-06', '2026-07-02', NULL, 5, 'Kerjakan Tugas dengan sebaik-baiknya', '1782998746_96_SKPP_SIGNED.pdf', 'selesai', '2026-07-03', '2026-07-05'),
(97, 'Mengajukan Kenaikan Pangkat Personil Periode TMT 1 Juli 2026', 4, '2026-07-10', '2026-07-02', NULL, 9, 'Kerjakan Tugas dengan sebaik-baiknya', NULL, 'selesai', '2026-07-03', '2026-07-03'),
(98, 'Mengajukan Anggaran Gaji Polri & PNS Agustus 2026', 4, '2026-07-10', '2026-07-02', NULL, 9, 'Kerjakan Tugas dengan sebaik-baiknya', NULL, 'selesai', '2026-07-06', '2026-07-09'),
(99, 'Melakukan Penyetoran Potongan Tunkin Juni 2026 ke Koperasi', 3, '2026-06-30', '2026-06-19', NULL, 12, 'Kerjakan Tugas dengan sebaik-baiknya', NULL, 'selesai', '2026-07-02', '2026-07-02'),
(100, 'Melakukan penyetoran Potongan Gaji Polri & PNS Juli 2026', 3, '2026-07-10', '2026-07-02', NULL, 10, 'Kerjakan Tugas dengan sebaik-baiknya', NULL, 'selesai', '2026-07-03', '2026-07-06'),
(101, 'Mengajukan Kenaikan Gaji Berkala (KGB) Personil a.n. Ipda Andi Rachman TMT 1 Agustus 2026', 4, '2026-07-10', '2026-07-02', NULL, 9, 'Kerjakan Tugas dengan sebaik-baiknya', NULL, 'selesai', '2026-07-02', '2026-07-03'),
(102, 'Mengajukan Gaji Terusan Juli 2026 a.n. IPTU Heri Hermansah (alm)', 5, '2026-07-08', '2026-07-02', NULL, 7, 'Kerjakan Tugas dengan sebaik-baiknya', NULL, 'selesai', '2026-07-02', '2026-07-06'),
(103, 'Melakukan Penarikan Anggaran GUP (Penggantian Uang Persediaan) Juli 2026 ke bank', 5, '2026-07-03', '2026-07-02', NULL, 3, 'Kerjakan Tugas dengan sebaik-baiknya', '1782998679_103_Mutasi_2026-07-02_2026-07-02_20260702192059_652375367361000.pdf', 'selesai', '2026-07-03', '2026-07-03'),
(104, 'Mengerjakan Capaian Output Juni 2026', 5, '2026-07-06', '2026-07-02', NULL, 5, 'Kerjakan Tugas dengan sebaik-baiknya', NULL, 'selesai', '2026-07-02', '2026-07-06'),
(105, 'Mengajukan Anggaran Makan Jaga Piket Juni 2026', 4, '2026-07-09', '2026-07-02', NULL, 8, 'Kerjakan Tugas dengan sebaik-baiknya', NULL, 'selesai', '2026-07-03', '2026-07-06'),
(106, 'Melakukan Pembayaran ATK Termin 3 Juli 2026', 3, '2026-07-15', '2026-07-02', NULL, 14, 'Kerjakan Tugas dengan sebaik-baiknya', NULL, 'selesai', '2026-07-03', '2026-07-03'),
(107, 'Mengajukan Uang Lembur PNS Juni 2026', 4, '2026-07-13', '2026-07-02', NULL, 12, 'Kerjakan Tugas dengan sebaik-baiknya', '1782999346_107_SPM_221_00086A_1782954733715.pdf', 'selesai', '2026-07-03', '2026-07-03'),
(108, 'Mengajukan Uang Makan PNS Juni 2026', 4, '2026-07-13', '2026-07-02', NULL, 12, 'Kerjakan Tugas dengan sebaik-baiknya', '1783332862_108_SPM_221_00088A_1783048195714.pdf', 'selesai', '2026-07-02', '2026-07-03'),
(109, 'Mengajukan Tunkin Agustus 2026', 3, '2026-07-31', '2026-07-24', NULL, 8, 'Kerjakan Tugas dengan sebaik-baiknya', NULL, 'belum', NULL, NULL),
(110, 'Mengerjakan Laporan Monev Pelaksanaan Pembayaran KKP TW II 2026', 4, '2026-07-07', '2026-07-03', NULL, 5, 'Kerjakan Tugas Sebaik-baiknya', '1783333362_110_Lampiran_II_Format_KKP_Domestik-BidhumasTWII.pdf', 'selesai', '2026-07-06', '2026-07-06'),
(111, 'Mengajukan Anggaran Pemeliharaan Kendaraan R2 Termin 2', 5, '2026-07-08', '2026-07-02', NULL, 7, '', NULL, 'selesai', '2026-07-03', '2026-07-06'),
(112, 'Mengajukan Anggaran Pemeliharaan Kendaraan R4 Pejabat Termin 2', 5, '2026-07-08', '2026-07-02', NULL, 7, '', NULL, 'selesai', '2026-07-03', '2026-07-06'),
(113, 'Mengajukan Anggaran Pemeliharaan Kendaraan R4 Operasional Staff Termin 2', 5, '2026-07-08', '2026-07-02', NULL, 7, '', NULL, 'selesai', '2026-07-03', '2026-07-06'),
(114, 'Mengajukan Anggaran Pemeliharaan Kendaraan Ransus Peliputan Termin 2', 5, '2026-07-08', '2026-07-02', NULL, 7, '', NULL, 'selesai', '2026-07-03', '2026-07-06'),
(115, 'Mengerjakan Laporan Keuangan Semester I TA 2026', 5, '2026-07-13', '2026-07-07', NULL, 7, '', NULL, 'belum', NULL, NULL);

-- --------------------------------------------------------

--
-- Table structure for table `delegasi_tugas`
--

CREATE TABLE `delegasi_tugas` (
  `id_delegasi` int(11) NOT NULL,
  `id_tugas` int(11) DEFAULT NULL,
  `id_pegawai` int(11) DEFAULT NULL,
  `tanggal_delegasi` date DEFAULT NULL
) ENGINE=InnoDB DEFAULT CHARSET=latin1 COLLATE=latin1_swedish_ci;

--
-- Dumping data for table `delegasi_tugas`
--

INSERT INTO `delegasi_tugas` (`id_delegasi`, `id_tugas`, `id_pegawai`, `tanggal_delegasi`) VALUES
(1, 94, 8, '2026-07-02'),
(2, 95, 8, '2026-07-02'),
(3, 96, 8, '2026-07-02'),
(4, 97, 8, '2026-07-02'),
(5, 98, 8, '2026-07-02'),
(6, 99, 8, '2026-07-02'),
(7, 100, 8, '2026-07-02'),
(8, 101, 8, '2026-07-02'),
(9, 102, 8, '2026-07-02'),
(10, 103, 8, '2026-07-02'),
(11, 104, 10, '2026-07-02'),
(12, 105, 10, '2026-07-02'),
(13, 106, 8, '2026-07-02'),
(14, 107, 8, '2026-07-02'),
(15, 108, 8, '2026-07-02'),
(16, 109, 8, '2026-07-02'),
(17, 110, 8, '2026-07-06'),
(18, 111, 9, '2026-07-06'),
(19, 112, 9, '2026-07-06'),
(20, 113, 9, '2026-07-06'),
(21, 114, 9, '2026-07-06'),
(22, 115, 8, '2026-07-10');

-- --------------------------------------------------------

--
-- Table structure for table `pegawai`
--

CREATE TABLE `pegawai` (
  `id_pegawai` int(11) NOT NULL,
  `nama` varchar(100) DEFAULT NULL,
  `jabatan` varchar(100) DEFAULT NULL,
  `email` varchar(100) DEFAULT NULL
) ENGINE=InnoDB DEFAULT CHARSET=latin1 COLLATE=latin1_swedish_ci;

--
-- Dumping data for table `pegawai`
--

INSERT INTO `pegawai` (`id_pegawai`, `nama`, `jabatan`, `email`) VALUES
(8, 'Andri Noviar', 'BANUM URKEU SUBBAGRENMIN', 'andri.noviar92@gmai.com'),
(9, 'Silvister Danur', 'BAMIN URKEU SUBBAGRENMIN', 'silvisterdanur@gmail.com'),
(10, 'Bahtiar Dwi Pinaryunadi', 'BAMIN URREN SUBBAGRENMIN', 'bahtiardwipinaryunadi@gmail.com');

--
-- Indexes for dumped tables
--

--
-- Indexes for table `daftar_tugas`
--
ALTER TABLE `daftar_tugas`
  ADD PRIMARY KEY (`id_tugas`);

--
-- Indexes for table `delegasi_tugas`
--
ALTER TABLE `delegasi_tugas`
  ADD PRIMARY KEY (`id_delegasi`),
  ADD KEY `id_tugas` (`id_tugas`),
  ADD KEY `id_pegawai` (`id_pegawai`);

--
-- Indexes for table `pegawai`
--
ALTER TABLE `pegawai`
  ADD PRIMARY KEY (`id_pegawai`);

--
-- AUTO_INCREMENT for dumped tables
--

--
-- AUTO_INCREMENT for table `daftar_tugas`
--
ALTER TABLE `daftar_tugas`
  MODIFY `id_tugas` int(11) NOT NULL AUTO_INCREMENT, AUTO_INCREMENT=116;

--
-- AUTO_INCREMENT for table `delegasi_tugas`
--
ALTER TABLE `delegasi_tugas`
  MODIFY `id_delegasi` int(11) NOT NULL AUTO_INCREMENT, AUTO_INCREMENT=23;

--
-- AUTO_INCREMENT for table `pegawai`
--
ALTER TABLE `pegawai`
  MODIFY `id_pegawai` int(11) NOT NULL AUTO_INCREMENT, AUTO_INCREMENT=12;

--
-- Constraints for dumped tables
--

--
-- Constraints for table `delegasi_tugas`
--
ALTER TABLE `delegasi_tugas`
  ADD CONSTRAINT `delegasi_tugas_ibfk_1` FOREIGN KEY (`id_tugas`) REFERENCES `daftar_tugas` (`id_tugas`),
  ADD CONSTRAINT `delegasi_tugas_ibfk_2` FOREIGN KEY (`id_pegawai`) REFERENCES `pegawai` (`id_pegawai`);
COMMIT;

